 divided by 20?
16
Let s = 2175 - 2108. What is the remainder when 386 is divided by s?
51
Suppose -3*x - u - 42 - 28 = 0, 120 = -5*x - 5*u. What is the remainder when ((0 - x) + 4)*1 - -4 is divided by 17?
14
Suppose -17390 - 69173 = -192*b + 56093. Calculate the remainder when b is divided by 59.
35
Let y(x) = 10*x - 298. What is the remainder when y(35) is divided by 3?
1
Let h(s) = 2*s**2 + 33*s + 2. Calculate the remainder when h(-18) is divided by 1*(5 - 7) - -21.
18
Let p(g) = -g**3 + 8*g**2 + 28*g - 60. Calculate the remainder when 1550 is divided by p(10).
10
Let r(g) = -10*g**3 - g**2 - g + 2. Let f be r(2). Suppose -x - 1197 = 18*x. Let w = x - f. Calculate the remainder when w is divided by 11.
10
Let x(a) be the second derivative of -a**4/6 + 35*a**3/6 - 19*a**2/2 + 5*a - 17. Calculate the remainder when x(16) is divided by 12/(-2)*2/(-4).
2
Suppose a - 50 = -4*a. Let v(k) = -k**3 - 5*k**2 + 12*k - 8. Let h be v(-7). Let c(t) = t**2 + 21. What is the remainder when c(h) is divided by a?
7
Let a = 14244 - 12541. Calculate the remainder when a is divided by 87.
50
Let v(u) = 604*u + 789. Calculate the remainder when 1838 is divided by v(-1).
173
Suppose 186 = -54*b - 120 + 3708. Calculate the remainder when 2427 is divided by b.
33
Let j(g) = 193*g + 3311. What is the remainder when 1586 is divided by j(-17)?
26
What is the remainder when (-4092)/(-3) + 1/((-10)/(-110)) + -6 is divided by 41?
16
Suppose -25*d - 64 = -29*d. Let p(a) = a**2 - 15*a + 62. What is the remainder when p(d) is divided by 42?
36
Let f(m) = -8*m**2 + 58*m. Suppose 9 = 2*v - y, 7*v + 4*y = 5*v + 34. Calculate the remainder when 75 is divided by f(v).
5
Let k(t) = -t**3 + 84*t**2 + 138*t - 4486. Calculate the remainder when 3797 is divided by k(85).
16
Let s = 69 - 78. Let m(y) = 23*y**2 + 68*y - 9. Let i(p) = 8*p**2 + 23*p - 3. Let c(x) = -17*i(x) + 6*m(x). What is the remainder when 18 is divided by c(s)?
0
Let p(v) = v**3 + 4*v**2 - 4*v + 11. Let o be p(-5). Calculate the remainder when (134/o)/((-19)/(-114)) is divided by 17.
15
Let q(z) = -z**2 + 33*z - 12. Suppose 4*k + 2*p - 14 = 0, -4*p = 2*k - k. Suppose k*w - 243 = -5*w. What is the remainder when q(25) is divided by w?
26
Suppose -4*o - 23*o + 2079 = 0. Calculate the remainder when 413 is divided by o.
28
Let p(u) = -2*u**2 - 30*u - 15. Let b(z) = z**2 + 29*z + 16. Let g(a) = 5*b(a) + 6*p(a). What is the remainder when 49 is divided by g(-4)?
13
Let g = 60 + -20. Suppose -2793*l - 288 = -2795*l + 3*o, -3*l = 5*o - 451. Calculate the remainder when l is divided by g.
27
Let z(a) = -2 - 4*a + 2*a + 16*a**2 + 46*a**2. Suppose s - 8*k + 6*k = -1, 0 = 3*s - 4*k + 3. Calculate the remainder when z(s) is divided by 13.
10
Suppose -3*q - 50*q + 8321 = 0. Calculate the remainder when 183 is divided by q.
26
Suppose 0 = -2*m + 83 - 15. Let b = m + -3. Suppose 23146*x - 23126*x - 2440 = 0. What is the remainder when x is divided by b?
29
Let s(k) = 350*k + 860. Calculate the remainder when s(5) is divided by 104.
10
Suppose 0 = 2*r - 4*j - 34, j + 23 = r - 4*j. Suppose -r - 13 = -x. Calculate the remainder when 63 is divided by ((-7)/7)/((-2)/x) + 0.
11
Suppose 141 = 9*n - 30. Suppose 0 = -4*j + n + 1. Calculate the remainder when (-114)/95*j*7*-1 is divided by 4.
2
Let j = 1569 - 1419. Calculate the remainder when 270 is divided by j.
120
Let n = 889 - 884. Calculate the remainder when ((-2)/1 + n - -106) + -4 is divided by 31.
12
Suppose -22*p = -25 - 1207. What is the remainder when p is divided by 3?
2
Let y(j) = -8*j + 50. Let p be y(15). Let w = p + 128. Calculate the remainder when w is divided by 15.
13
Let c be 14/(-4) + 1/(-2). Let q = -4219 + 4189. Calculate the remainder when 18 is divided by c - ((-6)/q - 142/10).
8
Suppose -2*a + 83 = -3*n, 62 = 3*a + 2*n - 95. Let g = -830 + 846. What is the remainder when a is divided by g?
1
Suppose 720 = 36*p + 13*p + 11*p. Let o be -1 - (1 - 0 - 78). Calculate the remainder when ((-5)/(10/o))/(-1) is divided by p.
2
Suppose 28*s - 10*s - 144 = 0. Suppose 7*x = -3*g + s*x + 42, 3*x = -9. Calculate the remainder when 112 is divided by g.
8
Suppose 38*j = 40*j - 3*s - 33, -3*j = -2*s - 37. What is the remainder when 937 is divided by j?
1
Suppose 1 = 4*v + 5, -4*v = 4*o - 184. What is the remainder when 105 is divided by o?
11
Suppose 0 = 4*t + 3*u - 43, -11 = -2*t - 6*u + u. Let q(c) be the second derivative of 7*c**3 - 31*c**2 + 6*c. What is the remainder when q(7) is divided by t?
11
Suppose 32*y - 27*y + 2*d - 455 = 0, 0 = d + 5. Calculate the remainder when 392 is divided by y.
20
Suppose 0 = -39*m - m + 3759 + 2721. Suppose 5*b - 56 = -l, 4*l = 2*b - 0*b + 158. Calculate the remainder when m is divided by l.
39
Let s = 134 - 1. Suppose 0 = 3*u + 15, 5*w = 7*u - 4*u + 35. Suppose -5*h - 86 = m - 4*m, -104 = -4*m - w*h. What is the remainder when s is divided by m?
25
Let a = 551 - 562. Let k = 184 - a. Calculate the remainder when k is divided by 28.
27
Let t = -86 + -75. Let h = t - -178. What is the remainder when 149 is divided by h?
13
Let b(r) = -41*r + 33. Let l be b(-4). Suppose -g + l = h, h + 567 = 3*g - 4*h. What is the remainder when g is divided by 7?
5
Let k = 598 - 661. Let g = -34 - k. Calculate the remainder when g is divided by 15.
14
Suppose -111*f + 36445 = -70559. Calculate the remainder when f is divided by 195.
184
Suppose 3*g = -5*m + 41444 - 2261, 2*m + g - 15673 = 0. Calculate the remainder when m is divided by 7.
3
Let k = 721 - 348. Suppose -51 = -8*g + k. What is the remainder when g is divided by 23?
7
Suppose 5*f + 3*n = 87, -2*f + 5*n + 40 = 2*f. Suppose 11*b - 9*b = -642. Let o = b - -363. What is the remainder when o is divided by f?
12
Let f(i) = 34*i**2 + 1. Calculate the remainder when f(-1) is divided by 55 - 12532/260 - (-3)/15.
0
Suppose 66 = 2*o + 3*v, -o - 4*v = -0 - 28. Suppose 7*n - o = 48. Let y = 32 + -16. Calculate the remainder when y is divided by n.
4
Let d = -1718 - -1734. What is the remainder when 105 is divided by d?
9
Let v(z) = 7*z + 586. What is the remainder when v(-55) is divided by 6?
3
Let z = 9270 + -8802. What is the remainder when z is divided by 147?
27
Let v = -12363 + 12481. What is the remainder when v is divided by 96?
22
Let m(r) = r**2 - 61*r - 1255. What is the remainder when 204 is divided by m(-17)?
62
Let t be (2/(-2))/1 - -32. Let u = t + 1. Calculate the remainder when u is divided by 7771/703 + (-10)/185.
10
Let n(f) = 4*f**2 - 12*f + 43. What is the remainder when n(2) is divided by (138/9 - (-4)/6) + 3?
16
Let t be 6522/51 - 16/(-136). Suppose -z - 220 = -2*a, a - t = 5*z - 0*z. Calculate the remainder when a is divided by 11.
9
Let p be ((-40)/7)/(6/(-105)). Let u(t) = 3*t - 29. Let j be u(9). Calculate the remainder when p - (-4 - 2) - (j - 1) is divided by 29.
22
Suppose -165*o + 163*o = -i - 7201, -9*o + i + 32408 = 0. Calculate the remainder when o is divided by 17.
14
Calculate the remainder when 256 is divided by (240/(-112))/(65/(-1274)).
4
Let p = -6117 + 6131. Calculate the remainder when 2433 is divided by p.
11
Let m(j) = 29*j**2 + 77*j - 79. What is the remainder when 266 is divided by m(1)?
23
Let g(b) = 521*b**2 - 19*b + 2. What is the remainder when g(1) is divided by 119?
28
Let j be 4 - (3 - -3 - 0). What is the remainder when j + 9/9 + (121 - 2) is divided by 24?
22
Let v(b) = 7*b + 46. Let d be v(-6). Suppose 4*j + 2*y = 78, 3*j + d*y = -5 + 76. What is the remainder when 52 is divided by j?
1
Suppose -2 = -c - 0. Suppose c*u = -55 + 153. Suppose -3 = -0*l + l - 4*q, -2*l = 3*q - u. What is the remainder when 50 is divided by l?
16
Calculate the remainder when (-10)/(-4)*((-46)/184 - (-313)/4) is divided by 47.
7
Let v = 3041 + -2918. What is the remainder when 965 is divided by v?
104
Suppose -113*i + 218*i + 612 = 117*i. Calculate the remainder when 174 is divided by i.
21
Let z = 13 + 3. Let j(r) = -3*r**2 + 161*r + 84. Calculate the remainder when j(53) is divided by z.
14
Let h = 17 + 19. Calculate the remainder when (-13)/(113 + -22) + (-449)/(-7) is divided by h.
28
Suppose 0 = 2*t + 4*k - 1890, t - 15*k = -16*k + 945. Calculate the remainder when t is divided by 233.
13
Suppose 553*v - 543*v = 170. Calculate the remainder when 708 is divided by v.